{"id":28,"date":"2022-06-29T13:58:52","date_gmt":"2022-06-29T13:58:52","guid":{"rendered":"https:\/\/gravity-neupre.com\/?page_id=28"},"modified":"2022-06-29T19:37:31","modified_gmt":"2022-06-29T19:37:31","slug":"conditions-generales","status":"publish","type":"page","link":"https:\/\/gravity-neupre.com\/?page_id=28","title":{"rendered":"Conditions g\u00e9n\u00e9rales"},"content":{"rendered":"<p>[et_pb_section fb_built=\u00a0\u00bb1&Prime; admin_label=\u00a0\u00bbHero Section\u00a0\u00bb _builder_version=\u00a0\u00bb4.16&Prime; use_background_color_gradient=\u00a0\u00bbon\u00a0\u00bb background_color_gradient_direction=\u00a0\u00bb131deg\u00a0\u00bb background_color_gradient_stops=\u00a0\u00bb#ff6a88 0%|#ff99ac 100%\u00a0\u00bb background_color_gradient_start=\u00a0\u00bb#ff6a88&Prime; background_color_gradient_end=\u00a0\u00bb#ff99ac\u00a0\u00bb custom_padding=\u00a0\u00bb80px|0px||0px\u00a0\u00bb animation_style=\u00a0\u00bbslide\u00a0\u00bb animation_direction=\u00a0\u00bbtop\u00a0\u00bb animation_intensity_slide=\u00a0\u00bb2%\u00a0\u00bb animation_starting_opacity=\u00a0\u00bb100%\u00a0\u00bb locked=\u00a0\u00bboff\u00a0\u00bb global_colors_info=\u00a0\u00bb{}\u00a0\u00bb _module_preset=\u00a0\u00bbdefault\u00a0\u00bb theme_builder_area=\u00a0\u00bbpost_content\u00a0\u00bb][et_pb_row _builder_version=\u00a0\u00bb4.16&Prime; background_size=\u00a0\u00bbinitial\u00a0\u00bb background_position=\u00a0\u00bbtop_left\u00a0\u00bb background_repeat=\u00a0\u00bbrepeat\u00a0\u00bb custom_padding=\u00a0\u00bb|||\u00a0\u00bb custom_width_px=\u00a0\u00bb1440px\u00a0\u00bb global_colors_info=\u00a0\u00bb{}\u00a0\u00bb _module_preset=\u00a0\u00bbdefault\u00a0\u00bb column_structure=\u00a0\u00bb1_2,1_2&Prime; theme_builder_area=\u00a0\u00bbpost_content\u00a0\u00bb][et_pb_column type=\u00a0\u00bb1_2&Prime; _builder_version=\u00a0\u00bb4.16&Prime; custom_padding=\u00a0\u00bb|||\u00a0\u00bb global_colors_info=\u00a0\u00bb{}\u00a0\u00bb custom_padding__hover=\u00a0\u00bb|||\u00a0\u00bb _module_preset=\u00a0\u00bbdefault\u00a0\u00bb theme_builder_area=\u00a0\u00bbpost_content\u00a0\u00bb][et_pb_text _builder_version=\u00a0\u00bb4.16&Prime; text_font=\u00a0\u00bb||||||||\u00a0\u00bb header_font=\u00a0\u00bb||||||||\u00a0\u00bb header_text_color=\u00a0\u00bb#ffffff\u00a0\u00bb header_font_size=\u00a0\u00bb60px\u00a0\u00bb header_line_height=\u00a0\u00bb1.5em\u00a0\u00bb header_2_font=\u00a0\u00bbPlayfair Display|700|||||||\u00a0\u00bb header_2_text_color=\u00a0\u00bb#ffffff\u00a0\u00bb header_2_font_size=\u00a0\u00bb42px\u00a0\u00bb header_2_line_height=\u00a0\u00bb1.5em\u00a0\u00bb header_3_font=\u00a0\u00bb||||||||\u00a0\u00bb header_4_font=\u00a0\u00bb||||||||\u00a0\u00bb header_5_font=\u00a0\u00bb||||||||\u00a0\u00bb header_6_font=\u00a0\u00bb||||||||\u00a0\u00bb background_size=\u00a0\u00bbinitial\u00a0\u00bb background_position=\u00a0\u00bbtop_left\u00a0\u00bb background_repeat=\u00a0\u00bbrepeat\u00a0\u00bb custom_margin=\u00a0\u00bb||10px|\u00a0\u00bb locked=\u00a0\u00bboff\u00a0\u00bb global_colors_info=\u00a0\u00bb{}\u00a0\u00bb _module_preset=\u00a0\u00bbdefault\u00a0\u00bb theme_builder_area=\u00a0\u00bbpost_content\u00a0\u00bb]<\/p>\n<h2>Conditions g\u00e9n\u00e9rales\u00a0<\/h2>\n<p>[\/et_pb_text][et_pb_divider color=\u00a0\u00bb#f7d584&Prime; divider_weight=\u00a0\u00bb3px\u00a0\u00bb disabled_on=\u00a0\u00bbon|on|off\u00a0\u00bb _builder_version=\u00a0\u00bb4.16&Prime; max_width=\u00a0\u00bb80px\u00a0\u00bb module_alignment=\u00a0\u00bbleft\u00a0\u00bb height=\u00a0\u00bb10px\u00a0\u00bb custom_margin=\u00a0\u00bb||20px|\u00a0\u00bb animation_style=\u00a0\u00bbslide\u00a0\u00bb animation_direction=\u00a0\u00bbbottom\u00a0\u00bb saved_tabs=\u00a0\u00bball\u00a0\u00bb locked=\u00a0\u00bboff\u00a0\u00bb global_colors_info=\u00a0\u00bb{}\u00a0\u00bb _module_preset=\u00a0\u00bbdefault\u00a0\u00bb theme_builder_area=\u00a0\u00bbpost_content\u00a0\u00bb][\/et_pb_divider][et_pb_text _builder_version=\u00a0\u00bb4.16&Prime; text_font=\u00a0\u00bbPoppins||||||||\u00a0\u00bb text_text_color=\u00a0\u00bbrgba(255,255,255,0.8)\u00a0\u00bb text_font_size=\u00a0\u00bb18px\u00a0\u00bb text_line_height=\u00a0\u00bb1.8em\u00a0\u00bb header_font=\u00a0\u00bb||||||||\u00a0\u00bb locked=\u00a0\u00bboff\u00a0\u00bb global_colors_info=\u00a0\u00bb{}\u00a0\u00bb _module_preset=\u00a0\u00bbdefault\u00a0\u00bb theme_builder_area=\u00a0\u00bbpost_content\u00a0\u00bb][\/et_pb_text][\/et_pb_column][et_pb_column type=\u00a0\u00bb1_2&Prime; _builder_version=\u00a0\u00bb4.16&Prime; custom_padding=\u00a0\u00bb|||\u00a0\u00bb global_colors_info=\u00a0\u00bb{}\u00a0\u00bb custom_padding__hover=\u00a0\u00bb|||\u00a0\u00bb _module_preset=\u00a0\u00bbdefault\u00a0\u00bb theme_builder_area=\u00a0\u00bbpost_content\u00a0\u00bb][\/et_pb_column][\/et_pb_row][\/et_pb_section][et_pb_section fb_built=\u00a0\u00bb1&Prime; specialty=\u00a0\u00bbon\u00a0\u00bb admin_label=\u00a0\u00bbAbout Us\u00a0\u00bb _builder_version=\u00a0\u00bb4.16&Prime; global_colors_info=\u00a0\u00bb{}\u00a0\u00bb _module_preset=\u00a0\u00bbdefault\u00a0\u00bb theme_builder_area=\u00a0\u00bbpost_content\u00a0\u00bb][et_pb_column type=\u00a0\u00bb1_2&Prime; specialty_columns=\u00a0\u00bb2&Prime; _builder_version=\u00a0\u00bb4.16&Prime; custom_padding=\u00a0\u00bb|||\u00a0\u00bb global_colors_info=\u00a0\u00bb{}\u00a0\u00bb custom_padding__hover=\u00a0\u00bb|||\u00a0\u00bb _module_preset=\u00a0\u00bbdefault\u00a0\u00bb theme_builder_area=\u00a0\u00bbpost_content\u00a0\u00bb][et_pb_row_inner _builder_version=\u00a0\u00bb4.16&Prime; background_size=\u00a0\u00bbinitial\u00a0\u00bb background_position=\u00a0\u00bbtop_left\u00a0\u00bb background_repeat=\u00a0\u00bbrepeat\u00a0\u00bb global_colors_info=\u00a0\u00bb{}\u00a0\u00bb _module_preset=\u00a0\u00bbdefault\u00a0\u00bb theme_builder_area=\u00a0\u00bbpost_content\u00a0\u00bb][et_pb_column_inner saved_specialty_column_type=\u00a0\u00bb1_2&Prime; _builder_version=\u00a0\u00bb4.16&Prime; custom_padding=\u00a0\u00bb|||\u00a0\u00bb global_colors_info=\u00a0\u00bb{}\u00a0\u00bb custom_padding__hover=\u00a0\u00bb|||\u00a0\u00bb _module_preset=\u00a0\u00bbdefault\u00a0\u00bb theme_builder_area=\u00a0\u00bbpost_content\u00a0\u00bb][et_pb_text _builder_version=\u00a0\u00bb4.16&Prime; text_font=\u00a0\u00bbPoppins|600|||||||\u00a0\u00bb text_text_color=\u00a0\u00bbrgba(0,0,0,0.6)\u00a0\u00bb text_font_size=\u00a0\u00bb16px\u00a0\u00bb text_line_height=\u00a0\u00bb1.9em\u00a0\u00bb header_font=\u00a0\u00bb||||||||\u00a0\u00bb header_2_font=\u00a0\u00bb||||||||\u00a0\u00bb module_alignment=\u00a0\u00bbcenter\u00a0\u00bb custom_margin=\u00a0\u00bb|||\u00a0\u00bb global_colors_info=\u00a0\u00bb{}\u00a0\u00bb _module_preset=\u00a0\u00bbdefault\u00a0\u00bb theme_builder_area=\u00a0\u00bbpost_content\u00a0\u00bb][\/et_pb_text][\/et_pb_column_inner][\/et_pb_row_inner][et_pb_row_inner _builder_version=\u00a0\u00bb4.16&Prime; background_size=\u00a0\u00bbinitial\u00a0\u00bb background_position=\u00a0\u00bbtop_left\u00a0\u00bb background_repeat=\u00a0\u00bbrepeat\u00a0\u00bb global_colors_info=\u00a0\u00bb{}\u00a0\u00bb _module_preset=\u00a0\u00bbdefault\u00a0\u00bb column_structure=\u00a0\u00bb1_2,1_2&Prime; theme_builder_area=\u00a0\u00bbpost_content\u00a0\u00bb][et_pb_column_inner type=\u00a0\u00bb1_2&Prime; saved_specialty_column_type=\u00a0\u00bb1_2&Prime; _builder_version=\u00a0\u00bb4.16&Prime; custom_padding=\u00a0\u00bb|||\u00a0\u00bb global_colors_info=\u00a0\u00bb{}\u00a0\u00bb custom_padding__hover=\u00a0\u00bb|||\u00a0\u00bb _module_preset=\u00a0\u00bbdefault\u00a0\u00bb theme_builder_area=\u00a0\u00bbpost_content\u00a0\u00bb][et_pb_text _builder_version=\u00a0\u00bb4.16&Prime; text_font=\u00a0\u00bbPoppins||||||||\u00a0\u00bb text_text_color=\u00a0\u00bbrgba(0,0,0,0.4)\u00a0\u00bb text_line_height=\u00a0\u00bb1.9em\u00a0\u00bb header_font=\u00a0\u00bb||||||||\u00a0\u00bb header_2_font=\u00a0\u00bb||||||||\u00a0\u00bb module_alignment=\u00a0\u00bbcenter\u00a0\u00bb custom_margin=\u00a0\u00bb||30px|\u00a0\u00bb global_colors_info=\u00a0\u00bb{}\u00a0\u00bb _module_preset=\u00a0\u00bbdefault\u00a0\u00bb theme_builder_area=\u00a0\u00bbpost_content\u00a0\u00bb]<\/p>\n<p><span>.<\/span><\/p>\n<p>[\/et_pb_text][\/et_pb_column_inner][et_pb_column_inner type=\u00a0\u00bb1_2&Prime; saved_specialty_column_type=\u00a0\u00bb1_2&Prime; _builder_version=\u00a0\u00bb4.16&Prime; custom_padding=\u00a0\u00bb|||\u00a0\u00bb global_colors_info=\u00a0\u00bb{}\u00a0\u00bb custom_padding__hover=\u00a0\u00bb|||\u00a0\u00bb _module_preset=\u00a0\u00bbdefault\u00a0\u00bb theme_builder_area=\u00a0\u00bbpost_content\u00a0\u00bb][et_pb_text _builder_version=\u00a0\u00bb4.16&Prime; text_font=\u00a0\u00bbPoppins||||||||\u00a0\u00bb text_text_color=\u00a0\u00bbrgba(0,0,0,0.4)\u00a0\u00bb text_line_height=\u00a0\u00bb1.9em\u00a0\u00bb header_font=\u00a0\u00bb||||||||\u00a0\u00bb header_2_font=\u00a0\u00bb||||||||\u00a0\u00bb module_alignment=\u00a0\u00bbcenter\u00a0\u00bb custom_margin=\u00a0\u00bb||30px|\u00a0\u00bb global_colors_info=\u00a0\u00bb{}\u00a0\u00bb _module_preset=\u00a0\u00bbdefault\u00a0\u00bb theme_builder_area=\u00a0\u00bbpost_content\u00a0\u00bb][\/et_pb_text][\/et_pb_column_inner][\/et_pb_row_inner][et_pb_row_inner _builder_version=\u00a0\u00bb4.17.4&Prime; _module_preset=\u00a0\u00bbdefault\u00a0\u00bb theme_builder_area=\u00a0\u00bbpost_content\u00a0\u00bb][et_pb_column_inner saved_specialty_column_type=\u00a0\u00bb1_2&Prime; _builder_version=\u00a0\u00bb4.17.4&Prime; _module_preset=\u00a0\u00bbdefault\u00a0\u00bb theme_builder_area=\u00a0\u00bbpost_content\u00a0\u00bb][et_pb_text _builder_version=\u00a0\u00bb4.17.4&Prime; _module_preset=\u00a0\u00bbdefault\u00a0\u00bb theme_builder_area=\u00a0\u00bbpost_content\u00a0\u00bb hover_enabled=\u00a0\u00bb0&Prime; sticky_enabled=\u00a0\u00bb0&Prime;]<\/p>\n<div id=\"bgLayers_comp-kvy2srbn\" data-hook=\"bgLayers\" class=\"_3wnIc\">\n<div id=\"bgMedia_comp-kvy2srbn\" class=\"_2GUhU\">En faisant appel aux services de GRAVITY NEUPRE, vous acceptez les conditions g\u00e9n\u00e9rales de location et vous vous engagez:<\/div>\n<\/div>\n<div data-mesh-id=\"comp-kvy2srbninlineContent\" data-testid=\"inline-content\" class=\"\">\n<div data-mesh-id=\"comp-kvy2srbninlineContent-gridContainer\" data-testid=\"mesh-container-content\">\n<div id=\"comp-kvy2src5\" class=\"_1Q9if _3bcaz\" data-testid=\"richTextElement\">\n<p class=\"font_8\"><span>&#8211; \u00e0 respecter les conditions g\u00e9n\u00e9rales de location et les consignes de surveillance;<br \/>&#8211; \u00e0 payer, en cas de dommage, le montant total des frais engag\u00e9s pour les r\u00e9parations du mat\u00e9riel ou de son nettoyage;<br \/>&#8211; \u00e0 prendre sous votre responsabilit\u00e9 tous les enfants utilisant les structures gonflables et avoir souscrit pour cela une assurance ad\u00e9quate. GRAVITY NEUPRE ne sera en aucun cas tenu responsable d&rsquo;un quelconque accident ou d\u00e9g\u00e2t survenu sur le lieu d&rsquo;utilisation du ch\u00e2teau gonflable.<\/span><\/p>\n<p class=\"font_8\"><span>&#8211; A ce que les structures ne soient utilis\u00e9es que par des enfants<\/span><\/p>\n<p class=\"font_8\"><span>Conditions d&rsquo;utilisation et conditions de location<\/span><\/p>\n<p class=\"font_8\"><span>1. L&#8217;emplacement r\u00e9serv\u00e9 \u00e0 l&rsquo;installation des structures gonflables doit \u00eatre totalement propre, plat (pente maximum 5%), aux dimensions largement sup\u00e9rieures \u00e0 celles des structures gonflables \u00e0 installer et totalement d\u00e9gag\u00e9 de tout \u00e9l\u00e9ment ou obstacle qui pourrait \u00eatre dangereux pour les enfants ou agressif pour le mat\u00e9riel aux abords (mur, bordure, balustrade, foss\u00e9, souche, barbel\u00e9s, tessons, ferrailles pointant du sol, branches, cailloux, pierres, &#8230; ); et en hauteur : c\u00e2bles \u00e9lectriques, n\u00e9ons, chauffage, poutre, branche &#8230;.). L\u2019acc\u00e8s \u00e0 l\u2019emplacement doit \u00eatre d\u00e9gag\u00e9 de tout obstacle et suffisamment large pour faire passer la structure.<\/span><\/p>\n<p class=\"font_8\"><span>2. Le locataire s&rsquo;interdit de pr\u00eater ou sous-louer les structures.<\/span><\/p>\n<p class=\"font_8\"><span>3. Le locataire doit mettre \u00e0 disposition un branchement \u00e9lectrique s\u00e9curis\u00e9 de 220 volts, 16 Amp\u00e8res avec terre, aux normes en vigueur et \u00e0 moins de 40 m\u00e8tres des structures (x2,5 mm2 obligatoire). Il prend \u00e0 sa charge les frais de fourniture \u00e9lectrique. L\u2019installation doit pouvoir supporter jusque 4000W<\/span><\/p>\n<p class=\"font_8\"><span>4. Les fils \u00e9lectriques seront totalement d\u00e9roul\u00e9s et s\u00e9curis\u00e9s ainsi que tous les branchements \u00e9lectriques.<\/span><\/p>\n<p class=\"font_8\"><span>5. Ne JAMAIS brancher la soufflerie avant qu&rsquo;elle ne soit adapt\u00e9e et fix\u00e9e \u00e0 la buse de gonflage de la structure gonflable correspondante.<\/span><\/p>\n<p class=\"font_8\"><span>6. En cas de forte pluie ou de grand vent :<br \/>\u2022 La soufflerie doit imm\u00e9diatement \u00eatre rang\u00e9e \u00e0 l&rsquo;abri<br \/>\u2022 Les enfants doivent sortir imm\u00e9diatement des structures gonflables, avec l&rsquo;aide des adultes si n\u00e9cessaire.<br \/>\u2022 Il est obligatoire de d\u00e9gonfler les structures gonflables et de les replier sur eux-m\u00eames afin que la pluie ne rentre pas \u00e0 l&rsquo;int\u00e9rieur.<\/span><\/p>\n<p class=\"font_8\"><span>7. Le locataire s&rsquo;engage \u00e0 faire en sorte que l&rsquo;utilisation des structures gonflables respecte l&rsquo;usage pour lequel elles sont destin\u00e9es et qu&rsquo;elle puisse s&rsquo;effectuer dans la s\u00e9curit\u00e9 et la s\u00e9r\u00e9nit\u00e9 pour tous (surtout sur un lieu public). Il s&rsquo;engage, pour cela, \u00e0 mettre en \u0153uvre tous les moyens mat\u00e9riels et humains adapt\u00e9s \u00e0 la manifestation. Il s\u2019engage \u00e0 respecter les cat\u00e9gories d\u2019\u00e2ge dans les structures. (Adultes \u2013 Enfants) ainsi que le nombre pr\u00e9vu par structure.<\/span><\/p>\n<p class=\"font_8\"><span>8. Le locataire est seul responsable en cas d&rsquo;accident corporel ou de d\u00e9t\u00e9rioration du mat\u00e9riel lou\u00e9 \u00e0 partir du moment o\u00f9 celui ci lui est confi\u00e9. Il s&rsquo;engage \u00e0 souscrire pour cela, une assurance responsabilit\u00e9 civile sp\u00e9cifique.<\/span><\/p>\n<p class=\"font_8\"><span>9. Le locataire s&rsquo;engage \u00e0 ne jamais abandonner le mat\u00e9riel sans la surveillance d&rsquo;un adulte responsable.<\/span><\/p>\n<p class=\"font_8\"><span>10. Le locataire s&rsquo;engage \u00e0 rendre le mat\u00e9riel propre et aux heures \u00e9tablies au contrat. Tout manquement \u00e0 cette obligation entra\u00eenera la facturation de frais suppl\u00e9mentaires.<\/span><\/p>\n<p class=\"font_8\"><span>11. Tout dommage, ou mat\u00e9riel manquant, sera factur\u00e9 au bar\u00e8me neuf en vigueur.<\/span><\/p>\n<p class=\"font_8\"><span>12. En cas d&rsquo;annulation en cas de probl\u00e8me m\u00e9dical (justifi\u00e9 par un avis m\u00e9dical) ou en cas de pluie, si vous nous avertissez au plus tard avant le d\u00e9part de la livraison, l\u2019annulation est gratuite. Et uniquement dans ce cas.<\/span><\/p>\n<p class=\"font_8\"><span>13. Dans tous les cas, GRAVITY NEUPRE reste propri\u00e9taire du mat\u00e9riel et ce dernier est insaisissable.<\/span><\/p>\n<p class=\"font_8\"><span>14. En cas d&rsquo;indisponibilit\u00e9 du mat\u00e9riel lou\u00e9, les ch\u00e8ques de r\u00e9servation et de caution re\u00e7us, seront restitu\u00e9s, mais le locataire ne pourra pr\u00e9tendre \u00e0 aucun d\u00e9dommagement financier.<\/span><\/p>\n<p class=\"font_8\"><span>15. Le locataire doit pr\u00e9voir au minimum une personne Adulte par structure gonflable (ou plus si la s\u00e9curit\u00e9 le n\u00e9cessite) pour assurer, en permanence, la surveillance des enfants et du mat\u00e9riel, pendant toute la dur\u00e9e de la location, et ceci m\u00eame si l&rsquo;acc\u00e8s aux structures est libre et gratuit.<\/span><\/p>\n<\/div>\n<\/div>\n<\/div>\n<p>[\/et_pb_text][\/et_pb_column_inner][\/et_pb_row_inner][\/et_pb_column][et_pb_column type=\u00a0\u00bb1_2&Prime; _builder_version=\u00a0\u00bb4.16&Prime; custom_padding=\u00a0\u00bb|||\u00a0\u00bb global_colors_info=\u00a0\u00bb{}\u00a0\u00bb custom_padding__hover=\u00a0\u00bb|||\u00a0\u00bb _module_preset=\u00a0\u00bbdefault\u00a0\u00bb theme_builder_area=\u00a0\u00bbpost_content\u00a0\u00bb][et_pb_image src=\u00a0\u00bbhttps:\/\/gravity-neupre.com\/wp-content\/uploads\/2022\/06\/conditions_large.webp\u00a0\u00bb force_fullwidth=\u00a0\u00bbon\u00a0\u00bb _builder_version=\u00a0\u00bb4.17.4&Prime; custom_margin=\u00a0\u00bb-50%|||\u00a0\u00bb custom_margin_tablet=\u00a0\u00bb0px|||\u00a0\u00bb custom_margin_phone=\u00a0\u00bb\u00a0\u00bb custom_margin_last_edited=\u00a0\u00bbon|phone\u00a0\u00bb animation_style=\u00a0\u00bbslide\u00a0\u00bb animation_direction=\u00a0\u00bbtop\u00a0\u00bb animation_duration=\u00a0\u00bb1500ms\u00a0\u00bb animation_intensity_slide=\u00a0\u00bb6%\u00a0\u00bb animation_starting_opacity=\u00a0\u00bb100%\u00a0\u00bb hover_enabled=\u00a0\u00bb0&Prime; box_shadow_style=\u00a0\u00bbpreset1&Prime; box_shadow_vertical=\u00a0\u00bb10px\u00a0\u00bb box_shadow_blur=\u00a0\u00bb100px\u00a0\u00bb box_shadow_color=\u00a0\u00bbrgba(0,0,0,0.2)\u00a0\u00bb always_center_on_mobile=\u00a0\u00bboff\u00a0\u00bb locked=\u00a0\u00bboff\u00a0\u00bb global_colors_info=\u00a0\u00bb{}\u00a0\u00bb _module_preset=\u00a0\u00bbdefault\u00a0\u00bb theme_builder_area=\u00a0\u00bbpost_content\u00a0\u00bb title_text=\u00a0\u00bbconditions_large\u00a0\u00bb sticky_enabled=\u00a0\u00bb0&Prime;][\/et_pb_image][\/et_pb_column][\/et_pb_section]<\/p>\n","protected":false},"excerpt":{"rendered":"<p>Conditions g\u00e9n\u00e9rales\u00a0. En faisant appel aux services de GRAVITY NEUPRE, vous acceptez les conditions g\u00e9n\u00e9rales de location et vous vous engagez: &#8211; \u00e0 respecter les conditions g\u00e9n\u00e9rales de location et les consignes de surveillance;- \u00e0 payer, en cas de dommage, le montant total des frais engag\u00e9s pour les r\u00e9parations du mat\u00e9riel ou de son nettoyage;- [&hellip;]<\/p>\n","protected":false},"author":1,"featured_media":0,"parent":0,"menu_order":0,"comment_status":"closed","ping_status":"closed","template":"","meta":{"_et_pb_use_builder":"on","_et_pb_old_content":"","_et_gb_content_width":"","footnotes":""},"class_list":["post-28","page","type-page","status-publish","hentry"],"_links":{"self":[{"href":"https:\/\/gravity-neupre.com\/index.php?rest_route=\/wp\/v2\/pages\/28","targetHints":{"allow":["GET"]}}],"collection":[{"href":"https:\/\/gravity-neupre.com\/index.php?rest_route=\/wp\/v2\/pages"}],"about":[{"href":"https:\/\/gravity-neupre.com\/index.php?rest_route=\/wp\/v2\/types\/page"}],"author":[{"embeddable":true,"href":"https:\/\/gravity-neupre.com\/index.php?rest_route=\/wp\/v2\/users\/1"}],"replies":[{"embeddable":true,"href":"https:\/\/gravity-neupre.com\/index.php?rest_route=%2Fwp%2Fv2%2Fcomments&post=28"}],"version-history":[{"count":3,"href":"https:\/\/gravity-neupre.com\/index.php?rest_route=\/wp\/v2\/pages\/28\/revisions"}],"predecessor-version":[{"id":155,"href":"https:\/\/gravity-neupre.com\/index.php?rest_route=\/wp\/v2\/pages\/28\/revisions\/155"}],"wp:attachment":[{"href":"https:\/\/gravity-neupre.com\/index.php?rest_route=%2Fwp%2Fv2%2Fmedia&parent=28"}],"curies":[{"name":"wp","href":"https:\/\/api.w.org\/{rel}","templated":true}]}}